{"id":999,"date":"2024-09-17T13:04:16","date_gmt":"2024-09-17T13:04:16","guid":{"rendered":"https:\/\/www.nieuwjaarsconcerthelmond.nl\/1\/?page_id=999"},"modified":"2026-01-04T19:27:19","modified_gmt":"2026-01-04T19:27:19","slug":"aanvragen","status":"publish","type":"page","link":"https:\/\/www.nieuwjaarsconcerthelmond.nl\/1\/aanvragen\/","title":{"rendered":"Aanvragen"},"content":{"rendered":"<p>[vc_row css=&#8221;.vc_custom_1644067092124{margin-top: 30px !important;}&#8221;][vc_column][vc_row_inner][vc_column_inner width=&#8221;1\/6&#8243;][\/vc_column_inner][vc_column_inner width=&#8221;2\/3&#8243;][vc_column_text]<\/p>\n<h3>Aanvragen t.b.v. een goed doel<\/h3>\n<p>[\/vc_column_text][\/vc_column_inner][vc_column_inner width=&#8221;1\/6&#8243;][\/vc_column_inner][\/vc_row_inner][vc_row_inner][vc_column_inner width=&#8221;1\/6&#8243;][\/vc_column_inner][vc_column_inner width=&#8221;2\/3&#8243;][vc_column_text]<\/p>\n<p style=\"font-weight: 400;\"><strong>Nieuwjaarsconcert Helmond zoekt goede doelen!<\/strong><\/p>\n<p style=\"font-weight: 400;\">Traditioneel verzorgt Rotary Helmond ieder jaar een nieuwjaarsconcert. In een prachtige ambiance wordt in Ter Aa de aula speciaal voor dit evenement omgebouwd tot concertzaal. Ieder jaar worden meerdere doelen verrast met een mooie donatie.<\/p>\n<p style=\"font-weight: 400;\">Deze goede doelen worden met veel zorg geselecteerd uit de aanmeldingen en ook uw goed doel komt mogelijk voor een ondersteuning in aanmerking. Een aparte commissie selecteert de doelen en draagt deze voor aan het bestuur van het Nieuwjaarsconcert (de Stichting Helmond Ontvangt \u2013 Helmond Geeft).<\/p>\n<p style=\"font-weight: 400;\">Het Nieuwjaarsconcert wordt mogelijk gemaakt door meer dan 100 regionale sponsoren die graag bijdragen aan het welzijn van de inwoners van Helmond. Het concert wordt georganiseerd door Rotary Helmond in samenwerking met de Gemeente Helmond.<\/p>\n<p style=\"font-weight: 400;\">Mocht u zich willen aanmelden voor een goed doel \u00f3f als sponsor, vul dan <a href=\"https:\/\/www.nieuwjaarsconcerthelmond.nl\/1\/wp-content\/uploads\/2024\/09\/Goede_Doelen_RCH.xlsx\" target=\"_blank\" rel=\"noopener\"><span style=\"color: red;\">dit formulier<\/span><\/a> in en stuur dit v\u00f3\u00f3r 30 oktober naar <a style=\"color: red;\" href=\"mailto:secretaris@rotaryclubhelmond.nl\">secretaris@rotaryclubhelmond.nl<\/a><\/p>\n<p style=\"font-weight: 400;\">Rotary Helmond neemt dan contact met u op.<\/p>\n<h4>N.B. Alleen aanvragen met behulp van <a href=\"https:\/\/www.nieuwjaarsconcerthelmond.nl\/1\/wp-content\/uploads\/2024\/09\/Goede_Doelen_RCH.xlsx\" target=\"_blank\" rel=\"noopener\"><span style=\"color: red;\">dit formulier<\/span><\/a> en v\u00f3\u00f3r 30 oktober ingezonden, kunnen behandeld worden.<\/h4>\n<p>[\/vc_column_text][\/vc_column_inner][vc_column_inner width=&#8221;1\/6&#8243;][\/vc_column_inner][\/vc_row_inner][\/vc_column][\/vc_row][vc_row][vc_column][vc_column_text]<\/p>\n<p>[\/vc_column_text][\/vc_column][\/vc_row][vc_row el_class=&#8221;.bannermetrand .bgkleur3&#8243; css=&#8221;.vc_custom_1643991732273{margin-top: 30px !important;padding-top: 20px !important;}&#8221;][vc_column width=&#8221;1\/6&#8243;][\/vc_column][vc_column width=&#8221;2\/3&#8243;][vc_row_inner][vc_column_inner width=&#8221;1\/3&#8243;][vc_column_text]<\/p>\n<table>\n<tbody>\n<tr>\n<td><img decoding=\"async\" class=\" wp-image-214 alignleft\" src=\"http:\/\/nieuwjaarsconcerthelmond.nl\/1\/wp-content\/uploads\/2022\/02\/mapmarker-wit-300x300.png\" alt=\"\" width=\"56\" height=\"56\" srcset=\"https:\/\/www.nieuwjaarsconcerthelmond.nl\/1\/wp-content\/uploads\/2022\/02\/mapmarker-wit-300x300.png 300w, https:\/\/www.nieuwjaarsconcerthelmond.nl\/1\/wp-content\/uploads\/2022\/02\/mapmarker-wit-150x150.png 150w, https:\/\/www.nieuwjaarsconcerthelmond.nl\/1\/wp-content\/uploads\/2022\/02\/mapmarker-wit-768x768.png 768w, https:\/\/www.nieuwjaarsconcerthelmond.nl\/1\/wp-content\/uploads\/2022\/02\/mapmarker-wit-75x75.png 75w, https:\/\/www.nieuwjaarsconcerthelmond.nl\/1\/wp-content\/uploads\/2022\/02\/mapmarker-wit.png 1000w\" sizes=\"(max-width: 56px) 100vw, 56px\" \/><\/td>\n<td>Ter AA<br \/>\nKeizerin Marialaan 2<br \/>\n5702 NR Helmond<\/td>\n<\/tr>\n<\/tbody>\n<\/table>\n<p>[\/vc_column_text][\/vc_column_inner][vc_column_inner width=&#8221;1\/3&#8243;][vc_column_text]<\/p>\n<table>\n<tbody>\n<tr>\n<td><img decoding=\"async\" class=\" wp-image-213 alignleft\" src=\"http:\/\/nieuwjaarsconcerthelmond.nl\/1\/wp-content\/uploads\/2022\/02\/male-wit-300x300.png\" alt=\"\" width=\"56\" height=\"56\" srcset=\"https:\/\/www.nieuwjaarsconcerthelmond.nl\/1\/wp-content\/uploads\/2022\/02\/male-wit-300x300.png 300w, https:\/\/www.nieuwjaarsconcerthelmond.nl\/1\/wp-content\/uploads\/2022\/02\/male-wit-150x150.png 150w, https:\/\/www.nieuwjaarsconcerthelmond.nl\/1\/wp-content\/uploads\/2022\/02\/male-wit-768x768.png 768w, https:\/\/www.nieuwjaarsconcerthelmond.nl\/1\/wp-content\/uploads\/2022\/02\/male-wit-75x75.png 75w, https:\/\/www.nieuwjaarsconcerthelmond.nl\/1\/wp-content\/uploads\/2022\/02\/male-wit.png 1000w\" sizes=\"(max-width: 56px) 100vw, 56px\" \/><\/td>\n<td>Dhr. Mark Sanders<br \/>\nVoorzitter<br \/>\n<span style=\"font-family: inherit; font-size: inherit;\"><a href=\"mailto: mark@definancielewooncoach.nl\">mark@definancielewooncoach.n<\/a>l<\/span><br \/>\n+31 <span style=\"font-family: inherit; font-size: inherit;\">6 \u00a021 17 63 12<\/span><\/td>\n<\/tr>\n<\/tbody>\n<\/table>\n<p>[\/vc_column_text][\/vc_column_inner][vc_column_inner width=&#8221;1\/3&#8243;][vc_column_text]<\/p>\n<table>\n<tbody>\n<tr>\n<td><img decoding=\"async\" class=\" wp-image-212 alignleft\" src=\"http:\/\/nieuwjaarsconcerthelmond.nl\/1\/wp-content\/uploads\/2022\/02\/male-wit-300x300.png\" alt=\"\" width=\"56\" height=\"56\" \/><\/td>\n<td>Dhr. Ren\u00e9 Coolen<br \/>\nSecretaris \/ Programmering \/ PR<br \/>\n<a href=\"mailto:secretaris@nieuwjaarsconcerthelmond.nl\">secretaris@nieuwjaarsconcerthelmond.nl<\/a><br \/>\n+31 6 24 34 91 96<\/td>\n<\/tr>\n<\/tbody>\n<\/table>\n<p>[\/vc_column_text][\/vc_column_inner][\/vc_row_inner][vc_row_inner][vc_column_inner width=&#8221;1\/3&#8243;][vc_column_text]<\/p>\n<table>\n<tbody>\n<tr>\n<td><img loading=\"lazy\" decoding=\"async\" class=\" wp-image-213 alignleft\" src=\"http:\/\/nieuwjaarsconcerthelmond.nl\/1\/wp-content\/uploads\/2022\/02\/female-wit-300x300.png\" alt=\"\" width=\"56\" height=\"56\" \/><\/td>\n<td>Mw. Antoinette Knoet-Michels<br \/>\nSponsorwerving<br \/>\n<a href=\"mailto:antoinette@knoetmichels.nl\">antoinette@knoetmichels.nl<\/a><br \/>\n+31 6 15 07 74 93<\/td>\n<\/tr>\n<\/tbody>\n<\/table>\n<p>[\/vc_column_text][\/vc_column_inner][vc_column_inner width=&#8221;1\/3&#8243;][vc_column_text]<\/p>\n<table>\n<tbody>\n<tr>\n<td><img decoding=\"async\" class=\" wp-image-213 alignleft\" src=\"http:\/\/nieuwjaarsconcerthelmond.nl\/1\/wp-content\/uploads\/2022\/02\/male-wit-300x300.png\" alt=\"\" width=\"56\" height=\"56\" srcset=\"https:\/\/www.nieuwjaarsconcerthelmond.nl\/1\/wp-content\/uploads\/2022\/02\/male-wit-300x300.png 300w, https:\/\/www.nieuwjaarsconcerthelmond.nl\/1\/wp-content\/uploads\/2022\/02\/male-wit-150x150.png 150w, https:\/\/www.nieuwjaarsconcerthelmond.nl\/1\/wp-content\/uploads\/2022\/02\/male-wit-768x768.png 768w, https:\/\/www.nieuwjaarsconcerthelmond.nl\/1\/wp-content\/uploads\/2022\/02\/male-wit-75x75.png 75w, https:\/\/www.nieuwjaarsconcerthelmond.nl\/1\/wp-content\/uploads\/2022\/02\/male-wit.png 1000w\" sizes=\"(max-width: 56px) 100vw, 56px\" \/><\/td>\n<td>Dhr. Gertjan Aarts<br \/>\nSponsorwerving<br \/>\n<a href=\"mailto:gertjan@aartsrisicoadvies.nl\">gertjan@aartsrisicoadvies.nl<\/a><br \/>\n+31 6 11 01 52 43<\/td>\n<\/tr>\n<\/tbody>\n<\/table>\n<p>[\/vc_column_text][\/vc_column_inner][vc_column_inner width=&#8221;1\/3&#8243;][vc_column_text]<\/p>\n<table>\n<tbody>\n<tr>\n<td><img loading=\"lazy\" decoding=\"async\" class=\" wp-image-213 alignleft\" src=\"http:\/\/nieuwjaarsconcerthelmond.nl\/1\/wp-content\/uploads\/2022\/02\/copyright-wit-300x300.png\" alt=\"\" width=\"56\" height=\"56\" \/><\/td>\n<td>Alle rechten voorbehouden<br \/>\n<strong><a id=\"atwlogo-off\" href=\"http:\/\/2atwork.com\/\" target=\"_blank\" rel=\"noopener\">2atwork.com<\/a><\/strong><\/td>\n<\/tr>\n<\/tbody>\n<\/table>\n<p>[\/vc_column_text][\/vc_column_inner][\/vc_row_inner][\/vc_column][vc_column width=&#8221;1\/6&#8243;][\/vc_column][\/vc_row]<\/p>\n","protected":false},"excerpt":{"rendered":"<p>[vc_row css=&#8221;.vc_custom_1644067092124{margin-top: 30px !important;}&#8221;][vc_column][vc_row_inner][vc_column_inner width=&#8221;1\/6&#8243;][\/vc_column_inner][vc_column_inner width=&#8221;2\/3&#8243;][vc_column_text] Aanvragen t.b.v. een goed doel [\/vc_column_text][\/vc_column_inner][vc_column_inner width=&#8221;1\/6&#8243;][\/vc_column_inner][\/vc_row_inner][vc_row_inner][vc_column_inner width=&#8221;1\/6&#8243;][\/vc_column_inner][vc_column_inner width=&#8221;2\/3&#8243;][vc_column_text] Nieuwjaarsconcert Helmond zoekt goede doelen! Traditioneel verzorgt Rotary Helmond ieder jaar een nieuwjaarsconcert. In een prachtige ambiance wordt in Ter Aa de aula speciaal voor dit evenement omgebouwd tot concertzaal. Ieder jaar worden meerdere doelen verrast met een mooie donatie. Deze goede doelen worden met veel zorg geselecteerd uit de aanmeldingen en ook uw goed doel komt mogelijk voor een ondersteuning in aanmerking. Een aparte commissie selecteert de doelen en draagt deze voor aan het bestuur van het Nieuwjaarsconcert (de Stichting Helmond Ontvangt \u2013 Helmond Geeft). Het Nieuwjaarsconcert wordt mogelijk gemaakt door meer dan 100 regionale sponsoren die graag bijdragen aan het welzijn van de inwoners van Helmond. Het concert wordt georganiseerd door Rotary Helmond in samenwerking met de Gemeente Helmond. Mocht u zich willen aanmelden voor een goed doel \u00f3f als sponsor, vul dan dit formulier in en stuur dit v\u00f3\u00f3r 30 oktober naar secretaris@rotaryclubhelmond.nl Rotary Helmond neemt dan contact met u op. N.B. Alleen aanvragen met behulp van dit formulier en v\u00f3\u00f3r 30 oktober ingezonden, kunnen behandeld worden. [\/vc_column_text][\/vc_column_inner][vc_column_inner width=&#8221;1\/6&#8243;][\/vc_column_inner][\/vc_row_inner][\/vc_column][\/vc_row][vc_row][vc_column][vc_column_text] [\/vc_column_text][\/vc_column][\/vc_row][vc_row el_class=&#8221;.bannermetrand .bgkleur3&#8243; css=&#8221;.vc_custom_1643991732273{margin-top: 30px !important;padding-top: 20px !important;}&#8221;][vc_column width=&#8221;1\/6&#8243;][\/vc_column][vc_column width=&#8221;2\/3&#8243;][vc_row_inner][vc_column_inner width=&#8221;1\/3&#8243;][vc_column_text] Ter AA Keizerin Marialaan 2 5702 NR Helmond [\/vc_column_text][\/vc_column_inner][vc_column_inner width=&#8221;1\/3&#8243;][vc_column_text] Dhr. Mark Sanders Voorzitter mark@definancielewooncoach.nl +31 6 \u00a021 17 63 12 [\/vc_column_text][\/vc_column_inner][vc_column_inner width=&#8221;1\/3&#8243;][vc_column_text] Dhr. Ren\u00e9 Coolen Secretaris \/ Programmering \/ PR secretaris@nieuwjaarsconcerthelmond.nl +31 6 24 34 91 96 [\/vc_column_text][\/vc_column_inner][\/vc_row_inner][vc_row_inner][vc_column_inner width=&#8221;1\/3&#8243;][vc_column_text] Mw. Antoinette Knoet-Michels Sponsorwerving antoinette@knoetmichels.nl +31 6 15 07 74 93 [\/vc_column_text][\/vc_column_inner][vc_column_inner width=&#8221;1\/3&#8243;][vc_column_text] Dhr. Gertjan Aarts Sponsorwerving gertjan@aartsrisicoadvies.nl +31 6 11 01 52 43 [\/vc_column_text][\/vc_column_inner][vc_column_inner width=&#8221;1\/3&#8243;][vc_column_text] Alle rechten voorbehouden 2atwork.com [\/vc_column_text][\/vc_column_inner][\/vc_row_inner][\/vc_column][vc_column width=&#8221;1\/6&#8243;][\/vc_column][\/vc_row]<\/p>\n","protected":false},"author":1,"featured_media":0,"parent":0,"menu_order":0,"comment_status":"closed","ping_status":"closed","template":"","meta":{"footnotes":""},"class_list":["post-999","page","type-page","status-publish","hentry"],"_links":{"self":[{"href":"https:\/\/www.nieuwjaarsconcerthelmond.nl\/1\/wp-json\/wp\/v2\/pages\/999","targetHints":{"allow":["GET"]}}],"collection":[{"href":"https:\/\/www.nieuwjaarsconcerthelmond.nl\/1\/wp-json\/wp\/v2\/pages"}],"about":[{"href":"https:\/\/www.nieuwjaarsconcerthelmond.nl\/1\/wp-json\/wp\/v2\/types\/page"}],"author":[{"embeddable":true,"href":"https:\/\/www.nieuwjaarsconcerthelmond.nl\/1\/wp-json\/wp\/v2\/users\/1"}],"replies":[{"embeddable":true,"href":"https:\/\/www.nieuwjaarsconcerthelmond.nl\/1\/wp-json\/wp\/v2\/comments?post=999"}],"version-history":[{"count":11,"href":"https:\/\/www.nieuwjaarsconcerthelmond.nl\/1\/wp-json\/wp\/v2\/pages\/999\/revisions"}],"predecessor-version":[{"id":1370,"href":"https:\/\/www.nieuwjaarsconcerthelmond.nl\/1\/wp-json\/wp\/v2\/pages\/999\/revisions\/1370"}],"wp:attachment":[{"href":"https:\/\/www.nieuwjaarsconcerthelmond.nl\/1\/wp-json\/wp\/v2\/media?parent=999"}],"curies":[{"name":"wp","href":"https:\/\/api.w.org\/{rel}","templated":true}]}}